{"id":224,"date":"2022-12-15T21:41:44","date_gmt":"2022-12-15T21:41:44","guid":{"rendered":"https:\/\/www.apucondorperu.com\/?post_type=product&#038;p=224"},"modified":"2025-05-28T01:26:30","modified_gmt":"2025-05-28T01:26:30","slug":"machupichu-valle-sagrado-2","status":"publish","type":"product","link":"https:\/\/www.apucondorperu.com\/en\/product\/machupichu-valle-sagrado-2\/","title":{"rendered":"TOUR LAGUNA HUMANTAY FULL DAY"},"content":{"rendered":"<p>[et_pb_section fb_built=\u00bb1&#8243; _builder_version=\u00bb4.16&#8243; custom_padding=\u00bb0px||||false|false\u00bb global_colors_info=\u00bb{}\u00bb][et_pb_row _builder_version=\u00bb4.16&#8243; background_size=\u00bbinitial\u00bb background_position=\u00bbtop_left\u00bb background_repeat=\u00bbrepeat\u00bb width=\u00bb100%\u00bb custom_padding=\u00bb0px||0px||false|false\u00bb global_colors_info=\u00bb{}\u00bb][et_pb_column type=\u00bb4_4&#8243; _builder_version=\u00bb4.16&#8243; custom_padding=\u00bb|||\u00bb global_colors_info=\u00bb{}\u00bb custom_padding__hover=\u00bb|||\u00bb][et_pb_wc_breadcrumb _builder_version=\u00bb4.16&#8243; global_colors_info=\u00bb{}\u00bb][\/et_pb_wc_breadcrumb][et_pb_wc_cart_notice _builder_version=\u00bb4.21.0&#8243; background_color=\u00bb#af1515&#8243; custom_button=\u00bbon\u00bb button_text_color=\u00bb#FFFFFF\u00bb button_bg_color=\u00bb#F2B40E\u00bb button_border_color=\u00bb#F2B40E\u00bb hover_enabled=\u00bb0&#8243; global_colors_info=\u00bb{}\u00bb sticky_enabled=\u00bb0&#8243;][\/et_pb_wc_cart_notice][\/et_pb_column][\/et_pb_row][et_pb_row column_structure=\u00bb1_2,1_2&#8243; _builder_version=\u00bb4.21.0&#8243; background_size=\u00bbinitial\u00bb background_position=\u00bbtop_left\u00bb background_repeat=\u00bbrepeat\u00bb z_index=\u00bb500&#8243; width=\u00bb100%\u00bb custom_padding=\u00bb0px||4px||false|false\u00bb hover_enabled=\u00bb0&#8243; global_colors_info=\u00bb{}\u00bb sticky_enabled=\u00bb0&#8243;][et_pb_column type=\u00bb1_2&#8243; _builder_version=\u00bb4.16&#8243; custom_padding=\u00bb|||\u00bb global_colors_info=\u00bb{}\u00bb custom_padding__hover=\u00bb|||\u00bb][et_pb_gallery _builder_version=\u00bb4.21.0&#8243; _module_preset=\u00bbdefault\u00bb fullwidth=\u00bbon\u00bb auto=\u00bbon\u00bb gallery_ids=\u00bb400,399,398,397,396,395,394&#8243; hover_enabled=\u00bb0&#8243; sticky_enabled=\u00bb0&#8243;][\/et_pb_gallery][\/et_pb_column][et_pb_column type=\u00bb1_2&#8243; _builder_version=\u00bb4.16&#8243; custom_padding=\u00bb|||\u00bb global_colors_info=\u00bb{}\u00bb custom_padding__hover=\u00bb|||\u00bb][et_pb_wc_title _builder_version=\u00bb4.19.3&#8243; header_font=\u00bbPoppins|800|||||||\u00bb custom_margin=\u00bb||16px|||\u00bb global_colors_info=\u00bb{}\u00bb][\/et_pb_wc_title][et_pb_text _builder_version=\u00bb4.21.0&#8243; _module_preset=\u00bbdefault\u00bb text_font=\u00bbPoppins|800|||||||\u00bb text_text_color=\u00bb#af1515&#8243; text_font_size=\u00bb17px\u00bb custom_margin=\u00bb||16px|||\u00bb hover_enabled=\u00bb0&#8243; global_colors_info=\u00bb{}\u00bb sticky_enabled=\u00bb0&#8243;]<\/p>\n<p><span>CUSCO \u2013 6 D\u00cdAS<\/span><\/p>\n<p>[\/et_pb_text][et_pb_wc_rating _builder_version=\u00bb4.19.3&#8243; rating_text_color=\u00bb#F2B40E\u00bb body_text_color=\u00bb#0A1833&#8243; custom_margin=\u00bb0em|0em|0.7em|0em|false|false\u00bb global_colors_info=\u00bb{}\u00bb][\/et_pb_wc_rating][et_pb_text _builder_version=\u00bb4.21.0&#8243; _module_preset=\u00bbdefault\u00bb text_font=\u00bbPoppins|300|||||||\u00bb text_font_size=\u00bb16px\u00bb hover_enabled=\u00bb0&#8243; global_colors_info=\u00bb{}\u00bb sticky_enabled=\u00bb0&#8243;]<\/p>\n<div class=\"et_pb_module et_pb_text et_pb_text_5  et_pb_text_align_left et_pb_bg_layout_light\">\n<div class=\"et_pb_text_inner\">\n<p><span>En este programa visitaremos uno de los nuevos atractivos del Cusco, \u201cla laguna Humantay\u201d. Nuestra experiencia empezar\u00e1 en Cusco, entre las 4:00 am y 4:30 am pasaremos a recogerlos de su alojamiento, realizaremos un viaje de 2 horas aproximadamente rumbo al poblado de Mollepata, ubicado en el exuberante valle del r\u00edo Apurimac.<\/span><\/p>\n<\/div>\n<\/div>\n<p>[\/et_pb_text][et_pb_wc_price _builder_version=\u00bb4.19.3&#8243; body_font=\u00bbPoppins|800|||||||\u00bb body_text_color=\u00bb#0A1833&#8243; body_font_size=\u00bb27px\u00bb global_colors_info=\u00bb{}\u00bb][\/et_pb_wc_price][et_pb_wc_description _builder_version=\u00bb4.16&#8243; global_colors_info=\u00bb{}\u00bb][\/et_pb_wc_description][et_pb_wc_add_to_cart _builder_version=\u00bb4.16&#8243; global_colors_info=\u00bb{}\u00bb][\/et_pb_wc_add_to_cart][et_pb_wc_meta _builder_version=\u00bb4.19.3&#8243; body_text_color=\u00bb#0A1833&#8243; global_colors_info=\u00bb{}\u00bb][\/et_pb_wc_meta][\/et_pb_column][\/et_pb_row][et_pb_row use_custom_gutter=\u00bbon\u00bb gutter_width=\u00bb2&#8243; _builder_version=\u00bb4.19.3&#8243; _module_preset=\u00bbdefault\u00bb width=\u00bb89%\u00bb max_width=\u00bb1350px\u00bb global_colors_info=\u00bb{}\u00bb][et_pb_column type=\u00bb4_4&#8243; _builder_version=\u00bb4.19.3&#8243; _module_preset=\u00bbdefault\u00bb global_colors_info=\u00bb{}\u00bb][et_pb_text _builder_version=\u00bb4.19.3&#8243; _module_preset=\u00bbdefault\u00bb header_2_font=\u00bbPoppins|800|||||||\u00bb header_2_text_align=\u00bbcenter\u00bb header_2_text_color=\u00bb#0A1833&#8243; header_2_font_size=\u00bb36px\u00bb global_colors_info=\u00bb{}\u00bb]<\/p>\n<h2>Itinerario<\/h2>\n<p>[\/et_pb_text][et_pb_tabs active_tab_background_color=\u00bb#0A1833&#8243; active_tab_text_color=\u00bb#FFFFFF\u00bb _builder_version=\u00bb4.21.0&#8243; _module_preset=\u00bbdefault\u00bb body_font=\u00bbPoppins|300|||||||\u00bb body_text_color=\u00bb#0A1833&#8243; tab_font=\u00bbPoppins|300|||||||\u00bb tab_font_size=\u00bb17px\u00bb hover_enabled=\u00bb0&#8243; border_radii=\u00bbon|1px|1px|1px|1px\u00bb border_width_all=\u00bb2px\u00bb border_color_all=\u00bbRGBA(255,255,255,0)\u00bb global_colors_info=\u00bb{}\u00bb sticky_enabled=\u00bb0&#8243;][et_pb_tab title=\u00bbRecorrido\u00bb _builder_version=\u00bb4.21.0&#8243; _module_preset=\u00bbdefault\u00bb hover_enabled=\u00bb0&#8243; global_colors_info=\u00bb{}\u00bb sticky_enabled=\u00bb0&#8243;]<\/p>\n<p>En este programa visitaremos uno de los nuevos atractivos del Cusco, \u201cla laguna Humantay\u201d. Nuestra experiencia empezar\u00e1 en Cusco, entre las 4:00 am y 4:30 am pasaremos a recogerlos de su alojamiento, realizaremos un viaje de 2 horas aproximadamente rumbo al poblado de Mollepata, ubicado en el exuberante valle del r\u00edo Apurimac, en este lugar disfrutaremos del desayuno y podremos comprar algunos snacks para el camino. Luego del desayuno continuaremos el viaje hacia Soraypampa, lugar donde tendremos un peque\u00f1o descanso, para poder cargar energ\u00edas y empezar la caminata hacia la laguna Humantay, ubicada a 4200 msnm. Durante el recorrido observar\u00e1 los sorprendentes paisajes, como la flora y fauna pero sobre todo los sorprendentes picos nevados en la ruta.<\/p>\n<p>Desde Soraypampa la caminata dura 2 horas aproximadamente, hasta llegar a la laguna Humantay, al llegar podremos apreciar por un lado el imponente Nevado de Salkantay y por el otro lado la laguna Humantay de color turquesa, luego de nuestra visita debemos retornar hacia Soraypampa, donde nuestro transporte estar\u00e1 esperando para trasladarnos hasta Mollepata, donde disfrutaremos del almuerzo. Luego retornaremos al Cusco, nuestra \u00faltima parada ser\u00e1 cerca a la plaza de armas.<\/p>\n<p>[\/et_pb_tab][et_pb_tab title=\u00bb\u00bfQu\u00e9 llevar?\u00bb _builder_version=\u00bb4.21.0&#8243; _module_preset=\u00bbdefault\u00bb hover_enabled=\u00bb0&#8243; global_colors_info=\u00bb{}\u00bb sticky_enabled=\u00bb0&#8243;]<\/p>\n<ul>\n<li>Botella de agua.<\/li>\n<li>Gorra, bloqueador solar, lentes de sol.<\/li>\n<li>Poncho de lluvia.<\/li>\n<li>Snack para el camino.<\/li>\n<li>Ropa para el frio.<\/li>\n<li>Zapato de trek.<\/li>\n<li>Zapato de trek.<\/li>\n<\/ul>\n<p>[\/et_pb_tab][et_pb_tab title=\u00bbIncluye\u00bb _builder_version=\u00bb4.21.0&#8243; _module_preset=\u00bbdefault\u00bb hover_enabled=\u00bb0&#8243; global_colors_info=\u00bb{}\u00bb sticky_enabled=\u00bb0&#8243;]<\/p>\n<ul>\n<li>Traslados desde Cusco hasta el punto de inicio de la caminata ida y vuelta.<\/li>\n<li>Servicio de guiado en grupo.<\/li>\n<li>Gu\u00eda profesional ingl\u00e9s \u2013 espa\u00f1ol.<\/li>\n<li>Desayuno buffet (opci\u00f3n vegetariana).<\/li>\n<li>Almuerzo buffet (opci\u00f3n vegetariana).<\/li>\n<li>Chalecos impermeables.<\/li>\n<li>Bastones de caminata.<\/li>\n<li>Ingreso a la comunidad campesina.<\/li>\n<\/ul>\n<p>[\/et_pb_tab][et_pb_tab title=\u00bbNo Incluye\u00bb _builder_version=\u00bb4.21.0&#8243; _module_preset=\u00bbdefault\u00bb hover_enabled=\u00bb0&#8243; global_colors_info=\u00bb{}\u00bb sticky_enabled=\u00bb0&#8243;]<\/p>\n<ul>\n<li>Noche de hotel en Cusco.<\/li>\n<li>Otros servicios no mencionados<\/li>\n<\/ul>\n<p>[\/et_pb_tab][\/et_pb_tabs][\/et_pb_column][\/et_pb_row][et_pb_row _builder_version=\u00bb4.16&#8243; background_size=\u00bbinitial\u00bb background_position=\u00bbtop_left\u00bb background_repeat=\u00bbrepeat\u00bb width=\u00bb100%\u00bb custom_margin=\u00bb78px|auto||auto||\u00bb global_colors_info=\u00bb{}\u00bb][et_pb_column type=\u00bb4_4&#8243; _builder_version=\u00bb4.16&#8243; custom_padding=\u00bb|||\u00bb global_colors_info=\u00bb{}\u00bb custom_padding__hover=\u00bb|||\u00bb][et_pb_wc_tabs include_tabs=\u00bb|reviews\u00bb _builder_version=\u00bb4.19.3&#8243; body_font=\u00bbPoppins||||||||\u00bb body_text_color=\u00bb#0A1833&#8243; global_colors_info=\u00bb{}\u00bb]\t\t\t\t\t[\/et_pb_wc_tabs][et_pb_wc_upsells _builder_version=\u00bb4.16&#8243; global_colors_info=\u00bb{}\u00bb][\/et_pb_wc_upsells][et_pb_wc_related_products _builder_version=\u00bb4.16&#8243; global_colors_info=\u00bb{}\u00bb][\/et_pb_wc_related_products][\/et_pb_column][\/et_pb_row][\/et_pb_section]<\/p>\n","protected":false},"excerpt":{"rendered":"<p>CUSCO \u2013 6 D\u00cdAS En este programa visitaremos uno de los nuevos atractivos del Cusco, \u201cla laguna Humantay\u201d. Nuestra experiencia empezar\u00e1 en Cusco, entre las 4:00 am y 4:30 am pasaremos a recogerlos de su alojamiento, realizaremos un viaje de 2 horas aproximadamente rumbo al poblado de Mollepata, ubicado en el exuberante valle del r\u00edo [&hellip;]<\/p>\n","protected":false},"featured_media":397,"comment_status":"open","ping_status":"closed","template":"","meta":{"_et_pb_use_builder":"on","_et_pb_old_content":"","_et_gb_content_width":"","_joinchat":[]},"product_brand":[],"product_cat":[18],"product_tag":[],"class_list":["post-224","product","type-product","status-publish","has-post-thumbnail","product_cat-sin-categorizar","first","instock","virtual","sold-individually","purchasable","product-type-booking"],"_links":{"self":[{"href":"https:\/\/www.apucondorperu.com\/en\/wp-json\/wp\/v2\/product\/224","targetHints":{"allow":["GET"]}}],"collection":[{"href":"https:\/\/www.apucondorperu.com\/en\/wp-json\/wp\/v2\/product"}],"about":[{"href":"https:\/\/www.apucondorperu.com\/en\/wp-json\/wp\/v2\/types\/product"}],"replies":[{"embeddable":true,"href":"https:\/\/www.apucondorperu.com\/en\/wp-json\/wp\/v2\/comments?post=224"}],"wp:featuredmedia":[{"embeddable":true,"href":"https:\/\/www.apucondorperu.com\/en\/wp-json\/wp\/v2\/media\/397"}],"wp:attachment":[{"href":"https:\/\/www.apucondorperu.com\/en\/wp-json\/wp\/v2\/media?parent=224"}],"wp:term":[{"taxonomy":"product_brand","embeddable":true,"href":"https:\/\/www.apucondorperu.com\/en\/wp-json\/wp\/v2\/product_brand?post=224"},{"taxonomy":"product_cat","embeddable":true,"href":"https:\/\/www.apucondorperu.com\/en\/wp-json\/wp\/v2\/product_cat?post=224"},{"taxonomy":"product_tag","embeddable":true,"href":"https:\/\/www.apucondorperu.com\/en\/wp-json\/wp\/v2\/product_tag?post=224"}],"curies":[{"name":"wp","href":"https:\/\/api.w.org\/{rel}","templated":true}]}}

<p>[et_pb_section fb_built=»1&#8243; _builder_version=»4.16&#8243; custom_padding=»0px||||false|false» global_colors_info=»{}»][et_pb_row _builder_version=»4.16&#8243; background_size=»initial» background_position=»top_left» background_repeat=»repeat» width=»100%» custom_padding=»0px||0px||false|false» global_colors_info=»{}»][et_pb_column type=»4_4&#8243; _builder_version=»4.16&#8243; custom_padding=»|||» global_colors_info=»{}» custom_padding__hover=»|||»][et_pb_wc_breadcrumb _builder_version=»4.16&#8243; global_colors_info=»{}»][/et_pb_wc_breadcrumb][et_pb_wc_cart_notice _builder_version=»4.21.0&#8243; background_color=»#af1515&#8243; custom_button=»on» button_text_color=»#FFFFFF» button_bg_color=»#F2B40E» button_border_color=»#F2B40E» hover_enabled=»0&#8243; global_colors_info=»{}» sticky_enabled=»0&#8243;][/et_pb_wc_cart_notice][/et_pb_column][/et_pb_row][et_pb_row column_structure=»1_2,1_2&#8243; _builder_version=»4.21.0&#8243; background_size=»initial» background_position=»top_left» background_repeat=»repeat» z_index=»500&#8243; width=»100%» custom_padding=»0px||4px||false|false» hover_enabled=»0&#8243; global_colors_info=»{}» sticky_enabled=»0&#8243;][et_pb_column type=»1_2&#8243; _builder_version=»4.16&#8243; custom_padding=»|||» global_colors_info=»{}» custom_padding__hover=»|||»][et_pb_gallery _builder_version=»4.21.0&#8243; _module_preset=»default» fullwidth=»on» auto=»on» gallery_ids=»400,399,398,397,396,395,394&#8243; hover_enabled=»0&#8243; sticky_enabled=»0&#8243;][/et_pb_gallery][/et_pb_column][et_pb_column type=»1_2&#8243; _builder_version=»4.16&#8243; custom_padding=»|||» global_colors_info=»{}» custom_padding__hover=»|||»][et_pb_wc_title _builder_version=»4.19.3&#8243; header_font=»Poppins|800|||||||» custom_margin=»||16px|||» global_colors_info=»{}»][/et_pb_wc_title][et_pb_text _builder_version=»4.21.0&#8243; _module_preset=»default» text_font=»Poppins|800|||||||» text_text_color=»#af1515&#8243; text_font_size=»17px» custom_margin=»||16px|||» hover_enabled=»0&#8243; global_colors_info=»{}» sticky_enabled=»0&#8243;]</p>
<p><span>CUSCO – 6 DÍAS</span></p>
<p>[/et_pb_text][et_pb_wc_rating _builder_version=»4.19.3&#8243; rating_text_color=»#F2B40E» body_text_color=»#0A1833&#8243; custom_margin=»0em|0em|0.7em|0em|false|false» global_colors_info=»{}»][/et_pb_wc_rating][et_pb_text _builder_version=»4.21.0&#8243; _module_preset=»default» text_font=»Poppins|300|||||||» text_font_size=»16px» hover_enabled=»0&#8243; global_colors_info=»{}» sticky_enabled=»0&#8243;]</p>
<div class="et_pb_module et_pb_text et_pb_text_5  et_pb_text_align_left et_pb_bg_layout_light">
<div class="et_pb_text_inner">
<p><span>En este programa visitaremos uno de los nuevos atractivos del Cusco, “la laguna Humantay”. Nuestra experiencia empezará en Cusco, entre las 4:00 am y 4:30 am pasaremos a recogerlos de su alojamiento, realizaremos un viaje de 2 horas aproximadamente rumbo al poblado de Mollepata, ubicado en el exuberante valle del río Apurimac.</span></p>
</div>
</div>
<p>[/et_pb_text][et_pb_wc_price _builder_version=»4.19.3&#8243; body_font=»Poppins|800|||||||» body_text_color=»#0A1833&#8243; body_font_size=»27px» global_colors_info=»{}»][/et_pb_wc_price][et_pb_wc_description _builder_version=»4.16&#8243; global_colors_info=»{}»][/et_pb_wc_description][et_pb_wc_add_to_cart _builder_version=»4.16&#8243; global_colors_info=»{}»][/et_pb_wc_add_to_cart][et_pb_wc_meta _builder_version=»4.19.3&#8243; body_text_color=»#0A1833&#8243; global_colors_info=»{}»][/et_pb_wc_meta][/et_pb_column][/et_pb_row][et_pb_row use_custom_gutter=»on» gutter_width=»2&#8243; _builder_version=»4.19.3&#8243; _module_preset=»default» width=»89%» max_width=»1350px» global_colors_info=»{}»][et_pb_column type=»4_4&#8243; _builder_version=»4.19.3&#8243; _module_preset=»default» global_colors_info=»{}»][et_pb_text _builder_version=»4.19.3&#8243; _module_preset=»default» header_2_font=»Poppins|800|||||||» header_2_text_align=»center» header_2_text_color=»#0A1833&#8243; header_2_font_size=»36px» global_colors_info=»{}»]</p>
<h2>Itinerario</h2>
<p>[/et_pb_text][et_pb_tabs active_tab_background_color=»#0A1833&#8243; active_tab_text_color=»#FFFFFF» _builder_version=»4.21.0&#8243; _module_preset=»default» body_font=»Poppins|300|||||||» body_text_color=»#0A1833&#8243; tab_font=»Poppins|300|||||||» tab_font_size=»17px» hover_enabled=»0&#8243; border_radii=»on|1px|1px|1px|1px» border_width_all=»2px» border_color_all=»RGBA(255,255,255,0)» global_colors_info=»{}» sticky_enabled=»0&#8243;][et_pb_tab title=»Recorrido» _builder_version=»4.21.0&#8243; _module_preset=»default» hover_enabled=»0&#8243; global_colors_info=»{}» sticky_enabled=»0&#8243;]</p>
<p>En este programa visitaremos uno de los nuevos atractivos del Cusco, “la laguna Humantay”. Nuestra experiencia empezará en Cusco, entre las 4:00 am y 4:30 am pasaremos a recogerlos de su alojamiento, realizaremos un viaje de 2 horas aproximadamente rumbo al poblado de Mollepata, ubicado en el exuberante valle del río Apurimac, en este lugar disfrutaremos del desayuno y podremos comprar algunos snacks para el camino. Luego del desayuno continuaremos el viaje hacia Soraypampa, lugar donde tendremos un pequeño descanso, para poder cargar energías y empezar la caminata hacia la laguna Humantay, ubicada a 4200 msnm. Durante el recorrido observará los sorprendentes paisajes, como la flora y fauna pero sobre todo los sorprendentes picos nevados en la ruta.</p>
<p>Desde Soraypampa la caminata dura 2 horas aproximadamente, hasta llegar a la laguna Humantay, al llegar podremos apreciar por un lado el imponente Nevado de Salkantay y por el otro lado la laguna Humantay de color turquesa, luego de nuestra visita debemos retornar hacia Soraypampa, donde nuestro transporte estará esperando para trasladarnos hasta Mollepata, donde disfrutaremos del almuerzo. Luego retornaremos al Cusco, nuestra última parada será cerca a la plaza de armas.</p>
<p>[/et_pb_tab][et_pb_tab title=»¿Qué llevar?» _builder_version=»4.21.0&#8243; _module_preset=»default» hover_enabled=»0&#8243; global_colors_info=»{}» sticky_enabled=»0&#8243;]</p>
<ul>
<li>Botella de agua.</li>
<li>Gorra, bloqueador solar, lentes de sol.</li>
<li>Poncho de lluvia.</li>
<li>Snack para el camino.</li>
<li>Ropa para el frio.</li>
<li>Zapato de trek.</li>
<li>Zapato de trek.</li>
</ul>
<p>[/et_pb_tab][et_pb_tab title=»Incluye» _builder_version=»4.21.0&#8243; _module_preset=»default» hover_enabled=»0&#8243; global_colors_info=»{}» sticky_enabled=»0&#8243;]</p>
<ul>
<li>Traslados desde Cusco hasta el punto de inicio de la caminata ida y vuelta.</li>
<li>Servicio de guiado en grupo.</li>
<li>Guía profesional inglés – español.</li>
<li>Desayuno buffet (opción vegetariana).</li>
<li>Almuerzo buffet (opción vegetariana).</li>
<li>Chalecos impermeables.</li>
<li>Bastones de caminata.</li>
<li>Ingreso a la comunidad campesina.</li>
</ul>
<p>[/et_pb_tab][et_pb_tab title=»No Incluye» _builder_version=»4.21.0&#8243; _module_preset=»default» hover_enabled=»0&#8243; global_colors_info=»{}» sticky_enabled=»0&#8243;]</p>
<ul>
<li>Noche de hotel en Cusco.</li>
<li>Otros servicios no mencionados</li>
</ul>
<p>[/et_pb_tab][/et_pb_tabs][/et_pb_column][/et_pb_row][et_pb_row _builder_version=»4.16&#8243; background_size=»initial» background_position=»top_left» background_repeat=»repeat» width=»100%» custom_margin=»78px|auto||auto||» global_colors_info=»{}»][et_pb_column type=»4_4&#8243; _builder_version=»4.16&#8243; custom_padding=»|||» global_colors_info=»{}» custom_padding__hover=»|||»][et_pb_wc_tabs include_tabs=»|reviews» _builder_version=»4.19.3&#8243; body_font=»Poppins||||||||» body_text_color=»#0A1833&#8243; global_colors_info=»{}»]					[/et_pb_wc_tabs][et_pb_wc_upsells _builder_version=»4.16&#8243; global_colors_info=»{}»][/et_pb_wc_upsells][et_pb_wc_related_products _builder_version=»4.16&#8243; global_colors_info=»{}»][/et_pb_wc_related_products][/et_pb_column][/et_pb_row][/et_pb_section]</p>

<p>CUSCO – 6 DÍAS En este programa visitaremos uno de los nuevos atractivos del Cusco, “la laguna Humantay”. Nuestra experiencia empezará en Cusco, entre las 4:00 am y 4:30 am pasaremos a recogerlos de su alojamiento, realizaremos un viaje de 2 horas aproximadamente rumbo al poblado de Mollepata, ubicado en el exuberante valle del río [&hellip;]</p>
